16?
False
Is 122009480 a multiple of 2?
True
Does 306 divide 532511881?
False
Is 417103721 a multiple of 5960?
False
Does 779 divide 238931953?
False
Does 938 divide 119443383?
False
Does 79 divide 47738594?
True
Is 116188061 a multiple of 13?
False
Is 20231560 a multiple of 10?
True
Is 3577 a factor of 5130506949?
False
Is 237464990 a multiple of 135?
False
Is 221 a factor of 113950087?
False
Is 561193183 a multiple of 827?
False
Does 324 divide 46285430?
False
Is 30 a factor of 949791750?
True
Is 76321096 a multiple of 406?
False
Is 33704671 a multiple of 121?
True
Is 50 a factor of 1266550?
True
Is 490924554 a multiple of 14?
False
Does 70 divide 843134810?
True
Is 1473754 a multiple of 38?
True
Is 5 a factor of 306130745?
True
Is 2475 a factor of 406536075?
True
Is 29151003 a multiple of 13?
False
Is 564 a factor of 94067868?
True
Is 230930258 a multiple of 23?
True
Is 320 a factor of 52943126?
False
Is 1834 a factor of 601036646?
True
Is 145967896 a multiple of 119?
False
Does 42 divide 476123825?
False
Does 73 divide 37072247?
True
Is 5689547 a multiple of 1321?
True
Does 759 divide 5853524?
False
Is 405431822 a multiple of 2384?
False
Is 8 a factor of 4567695?
False
Is 99 a factor of 21577571?
False
Is 272883600 a multiple of 240?
True
Does 5914 divide 1828963640?
True
Is 1292500670 a multiple of 2165?
True
Is 4869449 a multiple of 2473?
False
Is 49149681 a multiple of 428?
False
Does 230 divide 1759960?
True
Is 316347293 a multiple of 18?
False
Is 13 a factor of 49909522?
True
Is 21125664 a multiple of 378?
True
Is 110211321 a multiple of 45?
False
Is 8577044 a multiple of 28?
True
Is 13 a factor of 22485135?
False
Is 10 a factor of 48338259?
False
Is 501 a factor of 526350600?
True
Is 297862597 a multiple of 76?
False
Does 210 divide 331647330?
True
Does 1814 divide 824432062?
False
Is 25969808 a multiple of 141?
False
Does 69 divide 2298252?
True
Does 149 divide 77721658?
False
Is 127 a factor of 353762604?
False
Does 75 divide 269679375?
True
Is 877 a factor of 308744342?
True
Is 155 a factor of 2218528?
False
Is 153 a factor of 270749259?
True
Does 374 divide 783693064?
True
Is 162 a factor of 5384556?
True
Does 234 divide 517942152?
True
Is 73985890 a multiple of 461?
True
Is 36027980 a multiple of 4?
True
Is 249 a factor of 14352047?
False
Is 54 a factor of 213940440?
True
Does 688 divide 41437128?
False
Is 42210087 a multiple of 198?
False
Does 12196 divide 368849405?
False
Does 1055 divide 157996800?
True
Is 74013606 a multiple of 4?
False
Is 16 a factor of 2375218?
False
Is 415235455 a multiple of 6?
False
Is 188360356 a multiple of 39?
False
Is 752569033 a multiple of 616?
False
Is 35 a factor of 3140789192?
False
Is 4852 a factor of 3987875471?
False
Is 128 a factor of 300841600?
True
Is 44531685 a multiple of 165?
True
Is 956419848 a multiple of 3230?
False
Is 1583002888 a multiple of 22?
False
Is 204 a factor of 517162440?
True
Is 35 a factor of 21435470?
True
Is 3509 a factor of 1799359056?
True
Is 79622943 a multiple of 2905?
False
Is 582495210 a multiple of 5409?
True
Does 271 divide 223643021?
True
Is 140 a factor of 20259980?
False
Is 351 a factor of 439975692?
True
Is 82573614 a multiple of 1809?
True
Is 10789438 a multiple of 253?
True
Is 774 a factor of 483508517?
False
Is 68 a factor of 138897004?
True
Is 2641265312 a multiple of 1539?
False
Does 85 divide 54372460?
True
Is 1878616 a multiple of 16?
False
Is 140957725 a multiple of 276?
False
Does 54 divide 38849981?
False
Does 24 divide 45534924?
False
Is 256028970 a multiple of 628?
False
Is 12477488 a multiple of 80?
False
Is 547783561 a multiple of 133?
False
Is 2972803192 a multiple of 68?
True
Does 79 divide 47086201?
False
Is 8037508 a multiple of 641?
False
Does 162 divide 1322945446?
False
Does 81 divide 551707929?
True
Does 13 divide 1055344556?
False
Is 7233 a factor of 266687160?
False
Does 24 divide 6726526?
False
Does 132 divide 605115250?
False
Is 243 a factor of 106462422?
False
Is 43539300 a multiple of 350?
True
Is 119601925 a multiple of 25?
True
Is 310429001 a multiple of 20?
False
Is 115 a factor of 954123950?
True
Is 1286 a factor of 57839136?
True
Is 445 a factor of 2174430729?
False
Is 140676029 a multiple of 47?
True
Is 553 a factor of 1509527418?
True
Is 376 a factor of 3253481376?
True
Is 97643072 a multiple of 64?
True
Is 924453 a multiple of 3?
True
Does 120 divide 23225049?
False
Does 174 divide 35171838?
True
Is 46 a factor of 30303224?
False
Is 147002808 a multiple of 136?
True
Is 47894355 a multiple of 509?
True
Is 560 a factor of 110038880?
True
Is 7 a factor of 156007993?
False
Is 15 a factor of 2491426815?
True
Does 474 divide 44492662?
False
Is 654 a factor of 17745636?
True
Is 920 a factor of 149151908?
False
Does 62 divide 15489956?
True
Is 29 a factor of 71864453?
False
Is 9277032 a multiple of 24?
True
Is 82 a factor of 1193040632?
True
Is 23 a factor of 9664886?
False
Does 39 divide 145464345?
True
Is 482 a factor of 868284922?
True
Is 1433794062 a multiple of 604?
False
Does 31 divide 132455436?
True
Does 322 divide 185825234?
True
Is 358235501 a multiple of 342?
False
Does 4 divide 41032434?
False
Is 13 a factor of 24102910?
True
Does 320 divide 1755595200?
True
Does 55 divide 975492210?
True
Is 115 a factor of 459608540?
True
Is 992943336 a multiple of 168?
True
Does 10 divide 2057740?
True
Does 47 divide 5163890?
True
Is 628 a factor of 1989323141?
False
Does 224 divide 17142526?
False
Does 721 divide 199551891?
True
Is 1181 a factor of 1922998146?
False
Does 2264 divide 113365272?
True
Does 332 divide 9081860?
True
Is 9857 a factor of 7828048199?
False
Does 1944 divide 21465117?
False
Does 161 divide 2738158147?
False
Is 4901 a factor of 1884576629?
True
Does 65 divide 27389700?
True
Does 24 divide 121619064?
True
Is 1049471 a multiple of 759?
False
Is 220835235 a multiple of 755?
True
Is 44107845 a multiple of 15?
True
Does 22 divide 20421830?
True
Is 449607904 a multiple of 25?
False
Is 2 a factor of 13726678?
True
Does 502 divide 51690940?
True
Is 93185976 a multiple of 3876?
False
Is 31064212 a multiple of 246?
False
Does 1950 divide 299068591?
False
Is 4452900240 a multiple of 15?
True
Is 63141462 a multiple of 37?
True
Does 228 divide 397841105?
False
Is 56900473 even?
False
Is 46 a factor of 128705010?
True
Does 32 divide 5177365?
False
Is 4013 a factor of 285328313?
True
Is 98 a factor of 43700954?
False
Is 16460784 a multiple of 18?
True
Is 21 a factor of 217801774?
False
Does 71 divide 86219773?
True
Is 849332666 a multiple of 646?
False
Is 578 a factor of 41631028?
True
Is 68315328 a multiple of 9?
True
Does 23 divide 170124215?
True
Does 105 divide 12793935?
True
Is 246 a factor of 310837236?
True
Is 393251036 a multiple of 199?
False
Is 2377 a factor of 470947879?
True
Is 9 a factor of 1100480049?
True
Is 23506680 a multiple of 267?
True
Is 3423 a factor of 999865146?
True
Is 36951302 a multiple of 3127?
False
Does 12 divide 40466595?
False
Is 5293 a factor of 2752280250?
False
Is 361 a factor of 22245903?
True
Is 244492839 a multiple of 638?
False
Does 240 divide 79463157?
False
Does 777 divide 40379913?
True
Is 1559478090 a multiple of 24?
False
Is 67 a factor of 518057285?
False
Is 845572115 a multiple of 23?
True
Is 5703027 a multiple of 8?
False
Does 8647 divide 1353022017?
False
Is 30 a factor of 2101346943?
False
Does 22 divide 3801096618?
True
Is 10834641 a multiple of 29?
False
Is 1008 a factor of 149374512?
True
Does 975 divide 580052850?
True
Is 1891379716 a multiple of 24?
False
Is 20 a factor of 12320?
True
Is 6 a factor of 13780396?
False
Is 110657388 a multiple of 646?
False
Is 699 a factor of 794640675?
True
Does 2092 divide 45141176?
True
Is 890042946 a multiple of 546?
False
Is 101352632 a multiple of 605?
False
Does 3 divide 1216997?
False
Is 768023991 a multiple of 6916?
False
Is 19 a factor of 53528641?
False
Does 4352 divide 58032408?
False
Is 8478191 a multiple of 1117?
False
Does 318 divide 875054592?
True
Is 77278866 a multiple of 8?
False
Does 24 divide 53951509?
False
Is 62456031 a multiple of 3400?
False
Is 2122117250 a multiple of 8758?
False
Is 10 a factor of 8769911?
False
Does 2953 divide 182899961?
True
Is 169257123 a multiple of 3087?
True
Is 2512 a factor of 6773507